 101 + 11672?
11773
In base 12, what is 0 + -101a5?
-101a5
In base 16, what is 5 + -d3c3?
-d3be
In base 4, what is -202132 + 2322?
-133210
In base 5, what is 40431 - 12?
40414
In base 16, what is -9f2 - 11?
-a03
In base 12, what is 46 + 154?
19a
In base 14, what is 24a7 + 0?
24a7
In base 6, what is -30242003 - 0?
-30242003
In base 11, what is -5 + 83616?
83611
In base 8, what is 1115 + 12611?
13726
In base 11, what is 163 - -115?
278
In base 2, what is 0 - 1000011011100?
-1000011011100
In base 4, what is -13032023 - -1?
-13032022
In base 10, what is 10 + 9120?
9130
In base 4, what is -131022 + -202?
-131230
In base 11, what is 4 - 1040?
-1037
In base 14, what is -5 - -1c25?
1c20
In base 16, what is 11 - -9dc2?
9dd3
In base 10, what is -40 - -4446?
4406
In base 9, what is 11 - -7112?
7123
In base 12, what is 3313 - -244?
3557
In base 6, what is 1505 + -255?
1210
In base 8, what is 315023 - -1?
315024
In base 11, what is 1950 + 8?
1958
In base 16, what is 276c + -37?
2735
In base 15, what is b53b - -1?
b53c
In base 11, what is 0 + -121aa?
-121aa
In base 5, what is -2120302 + -11?
-2120313
In base 9, what is -210 + -320?
-530
In base 12, what is -29449 - 2?
-2944b
In base 14, what is -4614 + 5?
-460d
In base 5, what is 3310344 - -4?
3310403
In base 5, what is 3310102 - 0?
3310102
In base 7, what is 0 - -45313?
45313
In base 7, what is 0 + -23134634?
-23134634
In base 15, what is 4 - d88?
-d84
In base 8, what is 5 + -267766?
-267761
In base 2, what is 101001 + 10011?
111100
In base 15, what is 4 + -1197b0?
-1197ab
In base 9, what is 4 - 70664?
-70660
In base 6, what is -122202515 + -2?
-122202521
In base 16, what is 248 + 4?
24c
In base 8, what is -5354 - 1601?
-7155
In base 16, what is 1b431 + 1?
1b432
In base 8, what is -14 - 17263?
-17277
In base 7, what is 3 - -1344010?
1344013
In base 7, what is -6443 - 132?
-6605
In base 4, what is -3200 + -212?
-10012
In base 8, what is 16 + -773?
-755
In base 9, what is -305 + 28?
-266
In base 13, what is -a9 - 32a?
-406
In base 5, what is -3 + -131034?
-131042
In base 7, what is -52054 - -66?
-51655
In base 2, what is -110100010101101 - -10110?
-110100010010111
In base 14, what is 31 + -1bd1?
-1ba0
In base 12, what is -3a27 + -1?
-3a28
In base 14, what is -5 - -2a0d4?
2a0cd
In base 16, what is 8b + -1d4?
-149
In base 16, what is c + 875?
881
In base 8, what is -35 - 12?
-47
In base 2, what is -111111 + 10000010010?
1111010011
In base 12, what is -2013 + 144?
-1a8b
In base 4, what is 100102222120 - -3?
100102222123
In base 10, what is -13 - 141575?
-141588
In base 5, what is 32224 + -1?
32223
In base 5, what is -1221132 + -102?
-1221234
In base 10, what is -5 - 294?
-299
In base 11, what is -5181 - 0?
-5181
In base 16, what is 40 - e9?
-a9
In base 8, what is 3246 + 36?
3304
In base 9, what is -2006 - 116?
-2123
In base 8, what is -2032 + -13?
-2045
In base 2, what is 111100010010 - 100000000?
111000010010
In base 8, what is 1 - 20557?
-20556
In base 11, what is 1650 - -6a?
170a
In base 8, what is 0 - 557251?
-557251
In base 2, what is 1010110101100000 + 111?
1010110101100111
In base 6, what is 2 + 1124023?
1124025
In base 3, what is -22 - 10001012011?
-10001012110
In base 14, what is -982d + 12?
-981b
In base 8, what is 1 + 30073?
30074
In base 16, what is -28 - -ada?
ab2
In base 11, what is -2 - 9357?
-9359
In base 9, what is 108 + 1686?
1805
In base 16, what is -5 + -461e?
-4623
In base 4, what is 1131 - 223123?
-221332
In base 12, what is 236a - -6?
2374
In base 3, what is 1201110 - -12200200?
21102010
In base 13, what is -402a - 55?
-4082
In base 2, what is -101 + -110111100111110011?
-110111100111111000
In base 3, what is 10 + 102022200?
102022210
In base 7, what is -3545666 + 1?
-3545665
In base 14, what is 5 + -3600?
-35d9
In base 15, what is -32e + 58c?
25d
In base 2, what is -10011110000 - 1010?
-10011111010
In base 14, what is 1197 - 15?
1182
In base 6, what is 13134 + 3503?
21041
In base 6, what is -5 - 4040454?
-4040503
In base 10, what is -195 - -5?
-190
In base 10, what is -307094 - 1?
-307095
In base 4, what is -2202 + -222?
-3030
In base 15, what is -871 + -e0?
-961
In base 13, what is -1853a - 1?
-1853b
In base 12, what is 52 + 25b?
2b1
In base 4, what is 31212 + -1031?
30121
In base 7, what is -130 + 66?
-31
In base 8, what is 22 + -4007?
-3765
In base 6, what is -1421051 - 0?
-1421051
In base 7, what is -10212 - -1203?
-6006
In base 13, what is 22 + -bcb7?
-bc95
In base 7, what is 150 + -16236?
-16056
In base 5, what is 23420224 - -3?
23420232
In base 9, what is 44 - 76?
-32
In base 5, what is -3 - 302130?
-302133
In base 13, what is -1 + 11b654?
11b653
In base 15, what is 3 - 25d6a?
-25d67
In base 16, what is bc4c - 4?
bc48
In base 5, what is 1 - 101203232?
-101203231
In base 7, what is 45214 - 63?
45121
In base 2, what is 10110101010101111 - -1000?
10110101010110111
In base 2, what is 10 - 10010000000001000?
-10010000000000110
In base 6, what is -52235 + 35?
-52200
In base 12, what is -25 - -816b?
8146
In base 4, what is 2 - -20020323?
20020331
In base 10, what is -278170 + -4?
-278174
In base 13, what is 0 + -6c321?
-6c321
In base 12, what is -3 - -4b053?
4b050
In base 12, what is 257 - 132?
125
In base 3, what is 11111222 + -22?
11111200
In base 4, what is -1122003 + -120?
-1122123
In base 2, what is 111010000 + 1100001?
1000110001
In base 11, what is 104 + -2577?
-2473
In base 16, what is 87 + -d3d?
-cb6
In base 7, what is -113 + -5440?
-5553
In base 10, what is 2 + 694?
696
In base 10, what is 13825400 + -1?
13825399
In base 10, what is -68280 - 3?
-68283
In base 14, what is 8 - -742b?
7435
In base 4, what is 1 + 2022023?
2022030
In base 12, what is -468b + -10?
-469b
In base 9, what is -1221 + -3?
-1224
In base 11, what is 0 - 94aa93?
-94aa93
In base 4, what is 3 - -212320221?
212320230
In base 6, what is -2131 - 415?
-2550
In base 9, what is 4 + -803231?
-803226
In base 6, what is 225 + 2050?
2315
In base 5, what is 112334002 - 10?
112333442
In base 7, what is 20 - -33124?
33144
In base 13, what is 19529a - 0?
19529a
In base 14, what is 4 + b045?
b049
In base 10, what is 47 + -28552?
-28505
In base 5, what is 1300 - -12304?
14104
In base 4, what is 2113 - 3030?
-311
In base 2, what is -100 + 1111000111111?
1111000111011
In base 2, what is 1010100110 + 1001?
1010101111
In base 7, what is 6 - 1444620?
-1444611
In base 7, what is -136353 + 0?
-136353
In base 8, what is 731 + 5?
736
In base 9, what is 211 + -261?
-50
In base 4, what is -112000 - 130?
-112130
In base 12, what is -4 - -20568?
20564
In base 14, what is b1a + -5a?
aa0
In base 10, what is -442 + 127?
-315
In base 6, what is 13 + -23323?
-23310
In base 3, what is 2010200102 - 201?
2010122201
In base 12, what is 1a04 - 5?
19bb
In base 14, what is -5 + -28336?
-2833b
In base 7, what is -4533 + 4102?
-431
In base 12, what is -4 + 40524?
40520
In base 14, what is 5c - 276?
-218
In base 3, what is -11 - 212222112?
-212222200
In base 5, what is -22334414 - -3?
-22334411
In base 6, what is -32 - -250?
214
In base 8, what is -3107 + -504?
-3613
In base 12, what is -2065 - 0?
-2065
In base 10, what is 2 - -35259?
35261
In base 14, what is 3 - 38292?
-3828d
In base 15, what is -60 + 15a?
ea
In base 15, what is 72a3 + -7?
729b
In base 16, what is 47 + 13db?
1422
In base 13, what is 4 + c7377?
c737b
In base 16, what is -67de - 14?
-67f2
In base 12, what is 2 + -12182?
-12180
In base 8, what is -13 + 220220?
220205
In base 7, what is -25341 + 1?
-25340
In base 14, what is bd8 + -13?
bc5
In base 12, what is 13086a - 5?
130865
In base 16, what is 3 - 71cf?
-71cc
In base 5, what is -4 - -124420311?
124420302
In base 2, what is -1010111001 + -1101000001?
-10111111010
In base 15, what is 5 - 2dbc7?
-2dbc2
In base 4, what is -210220100 - 0?
-210220100
In base 14, what is c7 + 110?
1d7
In base 15, what is -741d5c - 0?
-741d5c
In base 10, what is -3 + 5204?
5201
In base 9, what is -32120 + 7?
-32112
In base 11, what is 4 + 43449?
43452
In base 13, what is 4079 + -7?
4072
In base 9, what is -32 + -125177?
-125220
In base 12, what is -12 + 3687?
3675
In base 12, what is 0 - 11392?
-11392
In base 13, what is 2 + 487?
489
In base 6, what is -114313 - 44?
-114401
In base 16, what is -4b - 2a2b?
-2a76
In base 15, what is 4 - 1233?
-122e
In base